lse
Suppose 58482 = 6*b + 11724. Suppose b = 13*m - 2334. Is m a composite number?
True
Let z(q) be the second derivative of -11*q**5/20 - 2*q**4/3 - 2*q**3 - 14*q**2 - 115*q. Is z(-9) a composite number?
False
Let f be (-10)/4 - (-10988149)/74. Suppose 59*l + 12255 = f. Is l a prime number?
True
Let z(i) = 12383*i - 251. Is z(6) a composite number?
False
Suppose 221*o - 511001 = 220*o - 2*i, 4*i = 24. Is o composite?
False
Is (2*6/(-9))/(-5*20/35474025) prime?
False
Let w(m) = -120*m - 25. Let a be w(-15). Suppose -2*r = -r - 3*s - 597, -s - a = -3*r. Is r prime?
False
Suppose 1 = 2*m - m + y, 5*m + 15 = -y. Suppose p + 28*v - 946 = 31*v, 3*p - 2*v - 2845 = 0. Is (p/m)/(((-12)/2)/24) a composite number?
True
Suppose 3 = 5*y + 3*z + 2, z = 5*y - 13. Suppose -3*v = y*t - 17733, 0 = v + t - 0*t - 5912. Is v a composite number?
True
Let k(o) = 54*o**2 + 7*o - 24. Let h be 4 + -8 + 5/((-5)/(-9)). Is k(h) prime?
True
Let n(v) = -13 - 868*v + 573*v - 605*v. Is n(-1) a composite number?
False
Suppose -332*u = -302*u - 1076910. Is u prime?
True
Let y = -38417 + 96298. Is y a prime number?
True
Suppose 11*m + 3*c = 14*m - 1182, -2*m + 4*c + 784 = 0. Suppose -s + 40957 = -m. Is s a prime number?
False
Suppose -58*m + 1341992 = -561019 + 228377. Is m a prime number?
False
Let h(f) = -3*f**3 + 12*f**2 + 8*f + 5. Let i be h(-14). Let y = -6086 + i. Is y a composite number?
False
Let c be 26/10 + (-20)/(-50). Let x = 1996 + -290. Suppose 3*u + 5*w - x = -0*w, 1666 = c*u - 5*w. Is u prime?
False
Let b(i) be the second derivative of 11*i**4/6 - i**3/2 + 17*i**2/2 - i. Let y(k) = -8*k + 70. Let v be y(8). Is b(v) a composite number?
True
Let i = -429 - -431. Suppose -i*x = -4, -3*x = 2*k - 2109 - 3059. Is k composite?
True
Suppose -10*v + z = -5*v - 1320, 4*v - 1042 = -2*z. Is v composite?
False
Let m = 118267 - 83000. Is m a prime number?
True
Let v(o) = -o + 2477. Suppose -3 = -2*s - k - 5, 3*s = -3*k - 6. Is v(s) a composite number?
False
Let k(r) = 2*r + 2. Let t be k(-5). Let v(n) = 2*n**3 + 21*n**2 - n + 3. Is v(t) a composite number?
False
Let q(h) = 40261*h + 26. Let f be q(-3). Is 3/(-2) + f/(-26) composite?
False
Let c(x) = 17*x + 7. Let a be c(-1). Is (-5)/a - 33042/(-4) a prime number?
False
Let s(j) = 5*j**3 - 19*j**2 + 19*j - 49. Let u be s(20). Suppose -3*x + 5*b + 26098 = 0, 6678 = -3*x - 4*b + u. Is x a prime number?
False
Let n(h) = 13 - 47 + h + 15 + 14*h**2. Is n(-6) a composite number?
False
Let c be 165*-1 + (1 - 5). Suppose -5*a + 659 = 2*z, 4*z - 2*a = -3*a + 1327. Let g = c + z. Is g composite?
False
Suppose 0*r = -4*b + 3*r + 25, -b = -2*r - 10. Suppose -b*u = -12, -3*i + 1117 + 3968 = 2*u. Is i a composite number?
False
Suppose 8*h - 44*h = 10*h - 67528. Let x = 498 - 749. Let t = x + h. Is t prime?
True
Suppose 96073 + 2510 + 72276 = 169*w. Is w composite?
True
Suppose -35036149 - 2044913 = -18*o. Is o prime?
True
Let y(s) = 1250*s**2 + 4*s + 5. Let g be y(2). Is (2 - -1)/((-9)/g)*-1 a composite number?
True
Suppose 0 = -29*l + 30*l, -6*l - 467036 = -4*m - 4*l. Is m a prime number?
False
Let d = 118346 - 80813. Is d prime?
False
Let o = 1459 + -2568. Let q = 1929 - o. Suppose 8*w + 6*w = q. Is w a composite number?
True
Let d = -66408 + 38856. Is 4/22 - d/77 a prime number?
False
Let h(o) = 1027*o**3 - 7 + 645*o - 647*o - 1034*o**3 - o**2. Let l be (-2)/(2/3)*1. Is h(l) a composite number?
False
Suppose 4*i - g = 122954, 36*g = 4*i + 38*g - 122960. Is i prime?
False
Let y(x) = -4*x + 5. Suppose -5*m = 2*u - 4, -2*m - 2*u - 2 = -6. Let l be y(m). Suppose a = -o + 609, -o + 372 = l*a - 221. Is o composite?
False
Suppose 3*j = 3*z - 3, -j - 6*z + 3*z = -15. Let k(c) = 14*c**2 + 168*c**2 + 16 - 2*c + 13*c**2 + 32*c**2. Is k(j) prime?
True
Let p(b) = 4 + 1 - b + 0 - 4. Let r(i) = -i**3 - 16*i**2 - 6*i + 3. Let s(k) = 2*p(k) - r(k). Is s(-14) prime?
False
Is 64233158/322 - 6/7 prime?
False
Let u(h) = -39*h**3 + 2*h**2 + 8*h + 9. Let b(n) = -n**3 + 2*n - 5. Let j be b(0). Is u(j) composite?
True
Let n(x) = -x - 5. Let y be n(3). Let d be 14682/4*y/(-6). Suppose 2*t - 2*r = -3*t + 12235, 2*t - d = 3*r. Is t composite?
False
Suppose 3*l = 3, -2036461 = -28*h + 16*h - l. Is h composite?
True
Let f(r) = -15*r - r + 53*r + 41 + 109*r**2. Is f(-14) prime?
True
Suppose 0 = -13*r + 3*r + 38280. Let d = r + 2179. Is d a composite number?
False
Suppose -562*j + 316286615 + 215895351 = 0. Is j prime?
True
Let i(t) be the second derivative of t**5/20 - 13*t**4/12 + t**3/6 - 9*t**2/2 + 4*t. Let m be i(13). Is 637/m - (-5)/(-20) a prime number?
False
Suppose 4*z - 64 = -2*i, 48 = 3*z - 7*i + 5*i. Suppose -28770 = -z*c + 25454. Is c a prime number?
True
Suppose 335*k + 454868 = 337*k. Is k prime?
False
Let k be (-2)/(-8) + 72639/36. Let b be 804 - (0 + 1)/(-1). Let o = k - b. Is o composite?
False
Suppose 7 = -c + 5. Let j be (-17782)/(-7) + (c - (-48)/28). Suppose f + 2694 = 4*i, -822 - j = -5*i + 4*f. Is i composite?
True
Is 140/(-40)*(36/(-63) - (-5725374)/(-21)) composite?
True
Suppose -101*c + 124*c - 12335567 = 0. Is c prime?
False
Let m(c) = 178*c**2 - 350*c + 141. Is m(-35) composite?
True
Suppose 4*v - 7 = 5. Let y be 8/(-3) + 3 - 1/v. Suppose y*w + 3*w = -2*c + 206, -2*w + 309 = 3*c. Is c a prime number?
True
Let a(d) = 126*d**2 + d + 144. Let l be (1/4)/((-15)/((-10560)/16)). Is a(l) prime?
True
Let t(k) = -2772*k - 11. Let p = -32 + 30. Let s be t(p). Suppose -10*v - v = -s. Is v a prime number?
True
Let c(b) = -b**2 + 3*b + 3. Let v be c(-3). Let l(u) = 19*u**2 - 3*u - 48. Let i(j) = 17*j**2 - 2*j - 44. Let g(x) = 9*i(x) - 8*l(x). Is g(v) a prime number?
False
Suppose j - 3*j - 8 = 0. Let b(a) = 4*a + 7. Let d be b(j). Let m(g) = 49*g**2 - 26. Is m(d) a prime number?
True
Suppose 0*m + 2*m - 5*f - 6411 = 0, 3*f + 12787 = 4*m. Suppose -4*t = -m - 1843. Is t a composite number?
False
Suppose -7*z + 14*z + 6013534 = 30*z. Is z a prime number?
False
Let x be (-18)/27*3/2. Is (-123536)/(-84) + x/(-3) a composite number?
False
Let y(s) = -7*s**3 + 23*s**2 + 41*s + 23. Let g be y(-16). Suppose 14*f - g + 4513 = 0. Is f composite?
True
Let b be -3 - (39/(-2) + 1/(-2)). Suppose b*v - 874 = 15*v. Let c = 816 - v. Is c a composite number?
False
Let o = 542747 - 175218. Is o a composite number?
True
Let c(b) be the second derivative of -b**3/2 - b**2/2 + 5*b. Let a be c(-3). Suppose -a*x = -1778 - 2054. Is x a prime number?
True
Is (551287/(-759))/(1/(-57)) a composite number?
True
Is (1879911/(-34))/(-11)*4/6 a prime number?
False
Let g(s) = 16*s**3 - 4*s + 1. Let a be g(4). Let f = 3533 - a. Suppose 4*c = -0*c + f. Is c composite?
False
Is 98/14 + 2 + 11549 composite?
True
Let p(f) = f + 41. Let a be p(-35). Suppose -a*d = 3*q - d - 58097, 5*d + 38748 = 2*q. Is q a composite number?
True
Suppose -24*z + 13*z = -33. Suppose 4*q - 14027 = -3*i, z*i + 2*q = -3*q + 14029. Is i prime?
True
Let r(l) = -l**3 - 3*l**2 - l - 4. Let y be r(-3). Let x(c) = -119*c - 8. Let q be x(y). Suppose -m = -524 - q. Is m a prime number?
False
Let t(s) = -s**2 - 5*s + 12. Let k be t(-6). Suppose -k*w - 2940 = -11*w. Suppose -w = 2*p - 3134. Is p composite?
True
Let o = 8598 - 5267. Let m = o + -1508. Is m a prime number?
True
Let m(i) = 2*i + 5. Let n be (2/(4/(-5)) + 0)*-2. Let f be m(n). Is 720/f - (1 + 0) prime?
True
Suppose 0 = -0*h + 3*h - 36. Suppose f - h = 5*f. Is (-1)/f - 17*292/(-3) composite?
True
Let y = -77 + -146. Let b = y - -449. Is b a prime number?
False
Let y = -17886 - -27796. Let b = -2913 + y. Is b composite?
False
Suppose 13*r + 117 = 26*r. Is 71111*1/r - 272/1224 composite?
False
Let d = 607 - 613. Is (3 - (d - 38))*3 prime?
False
Suppose -10*l + 6003 = 1873. Suppose -6 + 226 = a + 2*n, 2*a - 5*n = l. Is a a composite number?
True
Let i = 23168 + -1317. Let v = -3012 + i. Is v prime?
True
Is 2*2 + 751216 + -57 prime?
False
Let s(f) = -358280*f + 7921. Is s(-3) prime?
True
Let h(p) be the third derivative of 13*p**6/20 - p**5/60 + p**3/3 - 3*p**2 + 1. Is h(3) composite?
False
Let x(l) = -15*l**2 + 7*l + 13. Let j(s) = s**3 + s**2 - 1. Let a(u) = 2*j(u) + x(u). Let r be a(8). Suppose -9*m + 8*m + r = 0. Is m a prime number?
False
Let o be ((-2)/3)/((-4)/(-22038)). Let f = 5454 - o. Is f composite?
False
Let p be -5 + (-6 - -10) - -4. Suppose 0 = 3